1070
Calculate the remainder when 800257 is divided by 7.
3
Calculate the remainder when 701638 is divided by 86.
50
What is the remainder when 4164733 is divided by 12620?
133
What is the remainder when 2508241079 is divided by 552?
551
What is the remainder when 227425 is divided by 32487?
16
What is the remainder when 2341522 is divided by 849?
829
Calculate the remainder when 4446004 is divided by 8650.
8554
Calculate the remainder when 11232746 is divided by 107.
100
What is the remainder when 1475344 is divided by 2372?
2332
Calculate the remainder when 161329 is divided by 20164.
17
Calculate the remainder when 3103474 is divided by 1748.
774
What is the remainder when 193034 is divided by 4970?
4174
What is the remainder when 5921488 is divided by 2281?
12
Calculate the remainder when 5844723 is divided by 1168942.
13
What is the remainder when 307096 is divided by 307093?
3
Calculate the remainder when 707386 is divided by 6611.
9
What is the remainder when 712474 is divided by 356223?
28
Calculate the remainder when 820620 is divided by 1476.
1440
Calculate the remainder when 3710101 is divided by 29213.
50
What is the remainder when 174786 is divided by 154?
150
Calculate the remainder when 215068 is divided by 1155.
238
Calculate the remainder when 1118515 is divided by 2180.
175
Calculate the remainder when 129836 is divided by 197.
13
What is the remainder when 3123117 is divided by 39?
36
Calculate the remainder when 188552425 is divided by 2698.
2695
Calculate the remainder when 137865 is divided by 445.
360
What is the remainder when 39315 is divided by 1496?
419
Calculate the remainder when 9083272 is divided by 275.
22
What is the remainder when 863810 is divided by 215731?
886
Calculate the remainder when 3179764 is divided by 1161.
946
Calculate the remainder when 65176197 is divided by 45.
42
Calculate the remainder when 1241213116 is divided by 2240.
2236
What is the remainder when 8004049 is divided by 31512?
1
Calculate the remainder when 17480474 is divided by 6.
2
What is the remainder when 922936 is divided by 83901?
25
What is the remainder when 249341 is divided by 58?
57
Calculate the remainder when 4554345 is divided by 13801.
15
What is the remainder when 234514 is divided by 92?
6
What is the remainder when 112649 is divided by 99?
86
Calculate the remainder when 19859671 is divided by 22.
7
What is the remainder when 1752474 is divided by 6937?
4350
Calculate the remainder when 465005 is divided by 248.
5
What is the remainder when 204782593 is divided by 21504?
1
Calculate the remainder when 564075 is divided by 1338.
777
Calculate the remainder when 1631640 is divided by 54387.
30
Calculate the remainder when 8429592 is divided by 2809852.
36
Calculate the remainder when 86313 is divided by 12248.
577
What is the remainder when 13173 is divided by 121?
105
Calculate the remainder when 171686 is divided by 1788.
38
Calculate the remainder when 1454109 is divided by 561.
558
What is the remainder when 184999 is divided by 2280?
319
Calculate the remainder when 519199 is divided by 4056.
31
What is the remainder when 87818985 is divided by 21954745?
5
What is the remainder when 8097962 is divided by 2398?
2314
Calculate the remainder when 2945506 is divided by 664.
2
Calculate the remainder when 12756126 is divided by 80.
46
What is the remainder when 760034 is divided by 380000?
34
Calculate the remainder when 9113 is divided by 1501.
107
What is the remainder when 118973 is divided by 11886?
113
What is the remainder when 16984304 is divided by 36?
8
What is the remainder when 379037 is divided by 2940?
2717
Calculate the remainder when 21200115 is divided by 10883.
31
Calculate the remainder when 998126 is divided by 795.
401
Calculate the remainder when 301089 is divided by 27371.
8
What is the remainder when 131778 is divided by 16341?
1050
What is the remainder when 652132 is divided by 652098?
34
What is the remainder when 1049823 is divided by 80?
63
Calculate the remainder when 38803 is divided by 19043.
717
What is the remainder when 47457 is divided by 20?
17
Calculate the remainder when 283007980 is divided by 406.
402
Calculate the remainder when 345814 is divided by 20327.
255
What is the remainder when 242333 is divided by 176?
157
Calculate the remainder when 601666808 is divided by 18.
14
Calculate the remainder when 22484188 is divided by 751.
750
What is the remainder when 642331 is divided by 2443?
2265
What is the remainder when 16264 is divided by 331?
45
Calculate the remainder when 258579 is divided by 157.
0
Calculate the remainder when 38475605 is divided by 1076.
1073
What is the remainder when 79097 is divided by 1464?
41
What is the remainder when 253315 is divided by 18093?
13
Calculate the remainder when 6860743 is divided by 6066.
97
What is the remainder when 443245 is divided by 12570?
3295
Calculate the remainder when 586046 is divided by 73234.
174
What is the remainder when 102938 is divided by 3820?
3618
Calculate the remainder when 235926 is divided by 16831.
292
Calculate the remainder when 1172721 is divided by 132.
33
What is the remainder when 7209392 is divided by 267013?
41
What is the remainder when 327006 is divided by 1124?
1046
Calculate the remainder when 6824753 is divided by 1137435.
143
Calculate the remainder when 5079948 is divided by 461811.
27
What is the remainder when 3092783 is divided by 6950?
33
Calculate the remainder when 3659207 is divided by 1932.
1931
What is the remainder when 717329 is divided by 165?
74
What is the remainder when 97730011 is divided by 46963?
8
What is the remainder when 12183820 is divided by 1015310?
100
Calculate the remainder when 63892 is divided by 3241.
2313
What is the remainder when 8307 is divided by 304?
99
What is the remainder when 46340 is divided by 15308?
416
What is the remainder when 103947 is divided by 479?
4
Calculate the remainder when 28512 is divided by 6920.
832
What is the remainder when 8977517 is divided by 78?
29
Calculate the remainder when 15879045 is divided by 1852.
1849
Calculate the remainder when 21227 is divided by 189.
59
Calculate the remainder when 27179105 is divided by 3882729.
2
What is the remainder when 1816424 is divided by 328?
288
What is the remainder when 2166342 is divided by 1655?
1602
Calculate the remainder when 17543264 is divided by 8771621.
22
Calculate the remainder when 144857 is divided by 7622.
39
What is the remainder when 831863 is divided by 69312?
119
Calculate the remainder when 36161 is divided by 15196.
5769
What is the remainder when 27690275 is divided by 4371?
4361
Calculate the remainder when 2245804 is divided by 18397.
1370
Calculate the remainder when 5001354 is divided by 3844.
310
Calculate the remainder when 1515432 is divided by 378851.
28
What is the remainder when 13304 is divided by 3092?
936
Calculate the remainder when 391929 is divided by 130518.
375
What is the remainder when 17109623 is divided by 900506?
9
What is the remainder when 1769846 is divided by 884887?
72
What is the remainder when 12100521 is divided by 30?
21
Calculate the remainder when 43528 is divided by 1316.
100
What is the remainder when 3940142 is divided by 60?
2
What is the remainder when 1814788 is divided by 3470?
3448
What is the remainder when 274868 is divided by 68505?
848
What is the remainder when 256209 is divided by 2371?
141
What is the remainder when 439666 is divided by 1571?
1357
What is the remainder when 755155 is divided by 258?
247
Calculate the remainder when 599839 is divided by 25.
14
Calculate the remainder when 40874 is divided by 2355.
839
What is the remainder when 10146846 is divided by 3397?
7
What is the remainder when 7610 is divided by 2991?
1628
Calculate the remainder when 39511 is divided by 38900.
611
What is the remainder when 47921130 is divided by 13?
10
Calculate the remainder when 17366949 is divided by 19.
18
What is the remainder when 3390294 is divided by 116892?
426
Calculate the remainder when 824974 is divided by 353.
13
Calculate the remainder when 241170 is divided by 6823.
2365
What is the remainder when 91477 is divided by 1069?
612
What is the remainder when 1102560 is divided by 110253?
30
Calculate the remainder